digit of f?
4
Let x(g) = -5*g**3 + g + 1. Let m be x(-1). Suppose -3*w + m + 10 = 0. Suppose 5*f = -w*z + 10, 0*z + 3 = -f - 2*z. What is the units digit of f?
7
Let p(r) = r**3 - 12*r**2 - 7*r - 7. What is the tens digit of p(13)?
7
Let p = -19 - 51. Let a be (-90)/p - 2/7. What is the units digit of (2/4)/(a/14)?
7
Suppose -16 = -3*b + 4*r - 7, 0 = b - r - 3. Let q be -6*1/(b/(-2)). Suppose -u + 4 = u - q*w, 4*u - w = 15. What is the units digit of u?
4
What is the units digit of (21/(-7))/((-3)/32)?
2
Let v be (-2)/6 - (-82)/3. Suppose 6 = -l + v. What is the units digit of l?
1
Let g(r) = -r**2 - 24*r - 7. What is the hundreds digit of g(-16)?
1
Let i = -43 - -44. What is the units digit of i?
1
Let t = -3 - -3. Suppose -i - 1 = 4*b - t*b, 4 = 4*b - 4*i. Let n(q) = -q**3 + q**2 + q + 3. What is the units digit of n(b)?
3
Let j(m) = -m**3 - 2*m - 2. Let n be j(-1). Let a(f) = 4*f**2 + f. What is the units digit of a(n)?
5
Suppose 6*s - 4*s + 5*n = 8, -3*s + 12 = n. Let f be (10 - 5)*s/(-10). What is the units digit of 1 + 0 + -1 - f?
2
Let u(b) = 10*b**2 + 2*b - 4. Let c be u(-3). What is the tens digit of c/6 - 2/(-3)?
1
Let y = -11 - -16. Suppose -2 - 8 = -y*h. What is the units digit of h?
2
Suppose -30 + 5 = -5*k. Suppose k*l - 41 - 4 = 0. Suppose 4*u - l = 3. What is the units digit of u?
3
Let z(i) = 2*i**2 + 4*i + 3. Let d be z(-2). Suppose d = f - 24. What is the units digit of f?
7
Let w be (-1 + 2)*(0 + 8). Let q(y) = -y**2 + 8*y - 1. Let a be q(w). What is the units digit of 5/(-5) - (a - 13)?
3
Let r(b) = 7 + 5 + 4*b - 3*b + 0*b. What is the units digit of r(0)?
2
Let c(n) = n**3 + 13*n**2 - 17*n - 17. What is the units digit of c(-14)?
5
Let f(s) = -s. Let m(g) = 2*g + 3. Let a be m(-3). Let p be f(a). Suppose 2*c = -p*n + 2, 4*n - 20 = 3*c - 57. What is the units digit of c?
7
Suppose 0 = -5*z - 5*y, 0 = 2*y + 8 - 2. Suppose -z*j + 8 = -13. Suppose -4*s + j + 5 = 0, 4*h - 1 = 5*s. What is the units digit of h?
4
Suppose 3*x + 0*x = 0. Suppose x = 2*n - 5*m - 65, -5*n + 2*m + 125 = -3*m. What is the tens digit of n?
2
Let j be (-7)/21 - 2/(-6). Suppose 0*q - 3*q + 48 = j. What is the units digit of q?
6
Suppose -5*k + 1188 = -3*u - 1369, 0 = -k - u + 513. What is the tens digit of 2/(-7) - k/(-28)?
1
What is the units digit of ((-8)/(-10))/((-7)/(3430/(-4)))?
8
Let s = 11 + -4. What is the units digit of 7*(-4 - (-40)/s)?
2
Let z(x) = 6*x + 19. Let s be z(14). Suppose -5*i - 3*a + s = -17, 0 = -i + a + 32. What is the tens digit of i?
2
Let q(v) = -2*v + 4. Let x be q(-5). What is the units digit of 135/21 - 6/x?
6
Let s(n) = -n**2 - 6*n + 10. Let w be s(-7). Suppose -w*l - 11 + 83 = 0. Suppose -3*t = -5*f - 17, -4*t + 5*f - 3 = -l. What is the units digit of t?
4
Let r = 4 + -4. Suppose -4*y + 41 = 5*w, 5*y - 3*w - w = r. Suppose -3*b - 7 = -4*q + 4, -2*q + y*b = 2. What is the units digit of q?
5
Let m be (-126)/15 - (-4)/10. Let s be ((-10)/m)/((-3)/(-12)). Suppose 5*i + s*r = 60, -5*i - 5*r + 55 = -r. What is the units digit of i?
7
Let k(z) = 16*z + 1. Let l(n) = 3*n. Let i(c) = 2*k(c) - 11*l(c). Let u be ((-2)/(-3))/((-1)/6). What is the units digit of i(u)?
6
Let v = 282 - 173. What is the tens digit of v?
0
Let f(q) = q - 5. Let p be f(7). Suppose 5*m - 17 = -p. Let b(v) = 2*v**2 - 2*v - 3. What is the units digit of b(m)?
9
What is the tens digit of (3 + 0)*35/5?
2
Let z = 92 + -22. What is the units digit of z?
0
Let c(w) = -w**2 - 6*w + 8. Let l = -15 - -21. Suppose 5*n + 36 = l. What is the units digit of c(n)?
8
Suppose 4*f - 3*t = 281, 84 = -2*f + 3*f + 2*t. What is the units digit of f?
4
Let b be 6*(-2)/(-16)*4. Suppose -c = -b*c + 68. What is the units digit of c?
4
What is the units digit of (1554/15 + -2)/(8/20)?
4
Suppose -123 = -3*w - 0*a + 3*a, a - 193 = -5*w. What is the units digit of w?
9
Let u be 3 - ((-4)/12)/(2/(-12)). Let r(f) = -3 + 15*f + 4*f + 2. What is the tens digit of r(u)?
1
Suppose 0 = 5*b - 520 + 45. Let h = b + -62. What is the units digit of h?
3
Suppose 0 = p + 1 + 1. Let q be p/(-5) - 219/(-15). Suppose 0*c = -3*c + q. What is the units digit of c?
5
Let b(o) = -2*o - 1. Let v be (48/9)/4*3. Let c be (6/v - 1)*-8. What is the units digit of b(c)?
7
Let n be (-5 + 11)*(-2)/2. Let j(c) = c**3 + 5*c**2 - 5*c - 2. Let l be j(-6). Let k = n - l. What is the units digit of k?
2
Suppose 11 - 16 = -r. What is the units digit of r?
5
Let z be 1/(1/(-5))*-1. Suppose -26 = -z*d - 6. Suppose -d*x = -15 - 33. What is the tens digit of x?
1
What is the tens digit of (-44)/3*(-45)/10?
6
Let g be 9/6*(-4)/(-6). What is the units digit of -2*(2 + -3) + g?
3
Let u = 3 + -2. What is the units digit of -2 + -4*u*-6?
2
Let k = 10 - 4. Suppose 5 = -d + k*d. What is the units digit of d?
1
Suppose 20*f - 16*f = 560. What is the tens digit of f?
4
Suppose -2*v = -4*p - 90, v = -2*p + 37 - 8. What is the tens digit of v?
3
Suppose 8*t + 827 - 3483 = 0. What is the hundreds digit of t?
3
Let k = 9 - 1. Let x(w) be the first derivative of w**4/4 - 8*w**3/3 + 5*w - 1. What is the units digit of x(k)?
5
Suppose -2*z = -0 - 2. Let h be z + -1 - (2 - 2). Suppose h = 4*c - 44 + 8. What is the units digit of c?
9
Let p(j) = j + j**2 + 1 + 5 - 5. Suppose -t + 7 = -3*l, 7*t = -4*l + 4*t - 18. What is the units digit of p(l)?
7
Let z = 85 - 26. What is the tens digit of z?
5
Let x(f) = f**3 - 4*f**2 + 3*f + 3. Let c(o) = o - 7. Let k(p) = p**2 - 11*p + 10. Let a be k(11). Let g be c(a). What is the units digit of x(g)?
3
What is the tens digit of 131/7 + (-12)/(-42)?
1
Let o = 9 + -10. What is the tens digit of (1 + -29)/(-1 + o)?
1
Let y(z) = 0*z**2 + z**2 - z + 1 + 4*z. Let f be y(-2). What is the units digit of -1 + (f - -1 - -6)?
5
Let n = -15 + 33. What is the tens digit of n?
1
Let i = 21 - 15. Let g be i/4*(6 - 4). Suppose s = -s - 10, -3*n - g*s = -45. What is the tens digit of n?
2
Suppose -5*z + 12 = -13. Suppose -u - 5 = 5*v + 4*u, 4*v = 4*u + 20. Suppose -v*p + z = -1. What is the units digit of p?
3
What is the tens digit of (183/9 - 1)*3 + -2?
5
Let i = 36 - 25. What is the units digit of i?
1
Suppose 0 = -2*y - 0*y. What is the units digit of (-1 - -4) + (y - -6)?
9
Let k(s) = 5*s**2 - 1. Let f be k(1). Suppose 2*z - f*p = 18, 0*p + 2*p + 10 = 0. Let h = z + 8. What is the units digit of h?
7
Let u(j) be the third derivative of 0*j**4 + 0 - j**2 + 0*j - 1/120*j**6 + 0*j**5 + 1/6*j**3. What is the units digit of u(0)?
1
Let t = 44 - 11. What is the tens digit of t?
3
Suppose m + 1 + 0 = 2*o, 0 = 3*m - 5*o + 1. Let c(b) = b**2 - 2*b + 1. Let k be c(m). Suppose -3 = l - k*l - 2*n, 4*l - 4 = -2*n. What is the units digit of l?
1
Let m be 3/5 + (-9)/15. Suppose 8 = -2*z - m*z. Let i(s) = -3*s - 6. What is the units digit of i(z)?
6
Suppose -4*h + 219 = -41. What is the units digit of h?
5
Let k(l) = -17*l - 16. What is the units digit of k(-9)?
7
Let x = 4 - 1. Suppose -2*a + x*n = -a - 29, 5*n = a - 39. What is the tens digit of a?
1
Let p be (9/(-15))/((-1)/(-5)). What is the units digit of p/(-4) - 68/(-16)?
5
Suppose 2*r - 153 - 39 = 0. Suppose 90 = 4*v + 2*a, 2*a + r = 4*v - 2*a. What is the tens digit of v?
2
What is the units digit of 20/(-6)*(0 - (-9)/(-6))?
5
Let z(t) = t**3 - 9*t**2 + 10*t - 4. Let n be z(7). Let a = n + 49. What is the tens digit of a?
1
Suppose -285 = 4*p - 9*p. Suppose 75 = 4*d - 4*b - b, 4*d = -b + p. What is the tens digit of d?
1
Let c = -6 + -34. Let o = c + 65. What is the units digit of o?
5
Let m be (6/(-9))/(8/372). Let h = m + 51. What is the units digit of h?
0
Suppose 2*u + 0*u = 70. What is the units digit of u?
5
Let d = 24 - 19. Suppose d*g + g = 42. What is the units digit of g?
7
Let s(a) = a**3 + 4*a**2 - 7*a + 3. What is the tens digit of s(-5)?
1
Suppose 2*m - 7*m + 44 = l, 2*m = 3*l - 149. Suppose -5*u - 4*b + 62 = 0, -2*b - l = -4*u + 11. What is the units digit of u?
4
Suppose b - 30 = 4*b. What is the units digit of (8/b)/((-12)/30)?
2
Suppose -75 = 2*l - 837. What is the tens digit of l?
8
Let s be -2 - -29 - (-3 - -5). Let b = s + -11. What is the tens digit of b?
1
Let u be (-69)/(-12) - 1/(-4). What is the units digit of u/(20/9 - 2)?
7
Let c(t) be the first derivative of -5*t**2/2 - 8*t + 1. What is the tens digit of c(-7)?
2
Let l = -2 + 1. Let p b